s 2387 divide 16432108?
True
Is 1727342034 a multiple of 470?
False
Is 5 a factor of 535570540?
True
Does 138 divide 28680126?
True
Is 172462450 a multiple of 1481?
True
Does 28 divide 59712741?
False
Is 140542920 a multiple of 43?
True
Does 5288 divide 52991048?
True
Does 537 divide 5690589?
True
Does 12 divide 2587476?
True
Does 427 divide 197700002?
False
Is 78 a factor of 971444370?
True
Is 23 a factor of 244500857?
False
Is 58 a factor of 72609562?
True
Is 231 a factor of 171296622?
False
Does 46 divide 110507134?
True
Does 73 divide 57946363?
False
Does 1350 divide 15731550?
True
Is 1363129920 a multiple of 171?
True
Does 1837 divide 2575058310?
False
Is 794 a factor of 4095133606?
True
Is 25 a factor of 24845732?
False
Does 445 divide 70438605?
True
Is 1223930850 a multiple of 6?
True
Is 22 a factor of 26515325?
False
Is 130 a factor of 677661398?
False
Is 444 a factor of 4483068?
True
Is 74 a factor of 126836036?
False
Does 27 divide 151447776?
False
Is 99864140 a multiple of 10?
True
Does 50 divide 1861681850?
True
Is 1290031 a multiple of 6?
False
Does 41 divide 17762881?
True
Does 27 divide 301195125?
True
Does 65 divide 288992600?
True
Is 1353436608 a multiple of 12?
True
Does 103 divide 26871595?
False
Is 79008375 a multiple of 295?
True
Does 23 divide 324030762?
True
Does 21 divide 61459658?
False
Is 64638578 a multiple of 32?
False
Is 5 a factor of 11526305?
True
Does 1093 divide 235104300?
True
Is 5 a factor of 13753755?
True
Is 9 a factor of 115900605?
True
Is 609592961 a multiple of 27?
False
Is 7107 a factor of 1038801762?
True
Does 15 divide 18053768?
False
Is 2012111624 a multiple of 877?
True
Does 716 divide 2335090800?
True
Is 46 a factor of 10701776?
False
Is 192428179 a multiple of 63?
False
Does 2518 divide 75367722?
False
Is 4 a factor of 44685740?
True
Is 534 a factor of 30990690?
True
Does 577 divide 141040871?
False
Is 760182 a multiple of 186?
True
Is 143 a factor of 17890192?
False
Is 8069 a factor of 751014106?
True
Is 2026638660 a multiple of 699?
True
Is 2630 a factor of 16616340?
True
Is 7716662 a multiple of 274?
True
Is 15 a factor of 150145860?
True
Is 87357764 a multiple of 26?
True
Does 89 divide 1845206?
False
Is 366 a factor of 91555862?
False
Is 19 a factor of 6781932495?
False
Is 18190012 a multiple of 39?
False
Is 689150 a multiple of 1969?
True
Does 2585 divide 1943418510?
True
Is 9 a factor of 2647013?
False
Does 830 divide 47565517?
False
Does 18 divide 1122984?
True
Does 114 divide 2104960821?
False
Is 40 a factor of 170597504?
False
Is 770567601 a multiple of 706?
False
Does 18 divide 1850420765?
False
Does 73 divide 73686897?
False
Is 182457168 a multiple of 839?
False
Is 1312564176 a multiple of 3024?
True
Does 124 divide 445459956?
True
Is 636 a factor of 23722164?
True
Is 162754575 a multiple of 4?
False
Does 913 divide 67964633?
True
Is 14057370 a multiple of 2?
True
Is 53777988 a multiple of 12?
True
Is 1264063413 a multiple of 351?
False
Is 76759811 a multiple of 119?
False
Does 64 divide 161499520?
True
Is 174 a factor of 472943853?
False
Does 9007 divide 740790613?
False
Does 1003 divide 30958213?
False
Does 41 divide 285719201?
True
Is 9183662 a multiple of 191?
True
Is 7 a factor of 457001433?
True
Does 1325 divide 4148575?
True
Is 650 a factor of 57445700?
True
Is 4695483 a multiple of 514?
False
Is 14 a factor of 231928933?
False
Is 748643742 a multiple of 4041?
True
Is 35289932 a multiple of 617?
True
Is 56 a factor of 275043104?
True
Is 2384204260 a multiple of 8?
False
Is 123 a factor of 1321216066?
False
Is 422408323 a multiple of 8?
False
Does 148 divide 403696761?
False
Does 110 divide 510649387?
False
Is 525701880 a multiple of 20?
True
Is 349515658 a multiple of 2?
True
Is 10 a factor of 74613316?
False
Is 7 a factor of 61099129?
True
Is 4 a factor of 288773417?
False
Does 3243 divide 576183810?
True
Does 4443 divide 1163395107?
True
Is 989 a factor of 184546411?
True
Is 29487561 a multiple of 1306?
False
Does 1218 divide 9008502?
False
Does 41 divide 1123864345?
False
Does 169 divide 20433790?
True
Does 88 divide 3348840?
True
Is 96587406 a multiple of 218?
False
Is 1700977877 a multiple of 545?
False
Is 2 a factor of 6406829?
False
Is 16 a factor of 116749680?
True
Is 82707653 a multiple of 1608?
False
Is 568 a factor of 6106568?
True
Does 204 divide 186952416?
False
Is 127918468 a multiple of 1783?
False
Is 10054864 a multiple of 6?
False
Is 6 a factor of 677177026?
False
Is 95817358 a multiple of 2023?
False
Is 51 a factor of 2866355?
False
Is 72 a factor of 2079145934?
False
Does 5 divide 1613045035?
True
Does 611 divide 26736138?
True
Is 446986214 a multiple of 709?
True
Is 10550345 a multiple of 193?
True
Is 4 a factor of 550304477?
False
Does 6 divide 38627068?
False
Is 20 a factor of 13654372?
False
Is 18 a factor of 142315974?
True
Is 568209116 a multiple of 8?
False
Does 10 divide 67498934?
False
Is 10 a factor of 476727300?
True
Does 7605 divide 77609025?
True
Does 86 divide 108386056?
False
Is 81412920 a multiple of 295?
True
Does 31 divide 246989484?
False
Does 3296 divide 68434848?
True
Is 37 a factor of 66549976?
True
Is 8 a factor of 25102810?
False
Is 1756687788 a multiple of 38?
True
Does 804 divide 38077440?
True
Is 986132310 a multiple of 61?
False
Is 12 a factor of 88066392?
True
Is 710413785 a multiple of 1238?
False
Does 280 divide 158031440?
True
Is 770038873 a multiple of 7283?
True
Is 95769040 a multiple of 16?
True
Is 58108848 a multiple of 12?
True
Is 51319921 a multiple of 3?
False
Is 43 a factor of 57962674?
False
Is 7 a factor of 3331348761?
False
Does 3408 divide 38380896?
True
Is 137 a factor of 83243191?
False
Is 147597 a multiple of 275?
False
Is 83822948 a multiple of 5?
False
Does 34 divide 200970069?
False
Is 15746565 a multiple of 159?
True
Is 21104554 a multiple of 70?
False
Is 23 a factor of 66108693?
True
Does 30 divide 33272405?
False
Does 2117 divide 13965849?
True
Does 23 divide 32641793?
False
Is 12 a factor of 10994568?
True
Does 10 divide 2511730?
True
Is 574670199 a multiple of 48?
False
Is 13 a factor of 10767931?
False
Does 377 divide 76952413?
False
Is 9813496 a multiple of 28?
True
Is 50390176 a multiple of 3?
False
Does 1288 divide 1160836901?
False
Does 105 divide 55235565?
True
Is 1764271991 a multiple of 314?
False
Is 1163 a factor of 22635316?
False
Is 14 a factor of 24779468?
True
Is 3 a factor of 107553000?
True
Does 169 divide 10670602?
False
Is 5761800 a multiple of 25?
True
Is 3718211742 a multiple of 9?
True
Is 3717689510 a multiple of 125?
False
Does 1111 divide 27231721?
True
Is 197862773 a multiple of 6?
False
Is 7706205 a multiple of 36?
False
Does 5 divide 44515333?
False
Is 46345923 a multiple of 13?
True
Is 23846841 a multiple of 218?
False
Is 100 a factor of 542176300?
True
Does 229 divide 1241687006?
True
Does 551 divide 127337382?
False
Is 2 a factor of 345841?
False
Is 63605316 a multiple of 15?
False
Does 69 divide 340567816?
False
Does 357 divide 259533645?
True
Is 45763842 a multiple of 706?
False
Is 377935006 a multiple of 10?
False
Does 3269 divide 284517590?
False
Is 117571197 a multiple of 60?
False
Is 11 a factor of 4956636?
False
Is 258 a factor of 3950260286?
False
Is 8616980 a multiple of 160?
False
Is 66475752 a multiple of 294?
True
Is 36 a factor of 55271605?
False
Does 510 divide 89760?
True
Is 4 a factor of 22159035?
False
Does 2859 divide 16928552?
False
Does 6 divide 1355748426?
True
Is 96941000 a multiple of 1000?
True
Does 103 divide 36531834?
True
Is 30674387 a multiple of 23?
True
Is 14111926 a multiple of 1276?
False
Is 4 a factor of 885911848?
True
Is 30 a factor of 2944003669?
False
Is 1901875 a multiple of 13?
False
Is 12058586 a multiple of 40?
False
Is 131 a factor of 124667614?
False
Does 6 divide 493716?
True
Does 67 divide 12827593?
False
Is 26 a factor of 986164819?
False
Is 2 a factor of 5641130?
True
Is 17242463 a multiple of 354?
False
Is 1490227734 a multiple of 1842?
True
Does 5 divide 4733580?
True
Does 61 divide 49587032?
False
Is 660 a factor of 189688644?
False
Does 957 divide 229159392?
True
Does 10 divide 2883270?
True
Does 1956 divide 3674850648?
True
Does 20 divide 9250291?
False
Is 12579417 a multiple of 57?
False
Is 3091383 a multiple of 6?
False
